{"id":6375,"date":"2021-06-18T21:11:59","date_gmt":"2021-06-18T21:11:59","guid":{"rendered":"https:\/\/kocie-porady.pl\/sklep\/?post_type=product&#038;p=6375"},"modified":"2025-03-22T21:28:26","modified_gmt":"2025-03-22T21:28:26","slug":"zabawy-psychiczne-i-intelektualne-dla-kotow","status":"publish","type":"product","link":"https:\/\/kocie-porady.pl\/sklep\/index.php\/produkt\/zabawy-psychiczne-i-intelektualne-dla-kotow\/","title":{"rendered":"ebook: Zabawy psychiczne i intelektualne dla kot\u00f3w"},"content":{"rendered":"<h4>Zabawy psychiczne i intelektualne dla kot\u00f3w<\/h4>\n<p>Odkryj, jak wzbogaci\u0107 \u017cycie swojego kota dzi\u0119ki naszemu e-bookowi \u201eZabawy Psychiczne i Intelektualne dla Kot\u00f3w\u201d! Ten praktyczny przewodnik dostarczy Ci inspiruj\u0105cych pomys\u0142\u00f3w na gry i zabawy, kt\u00f3re stymuluj\u0105 umys\u0142 i zapewniaj\u0105 Twojemu pupilowi mentalne wyzwania. Dowiedz si\u0119, jak stworzy\u0107 anga\u017cuj\u0105ce zabawki i aktywno\u015bci, kt\u00f3re pobudz\u0105 ciekawo\u015b\u0107 kota i zapobiegn\u0105 nudzie. Nasz e-book pomo\u017ce Ci wprowadzi\u0107 kreatywne zabawy do codziennego \u017cycia Twojego kota, poprawiaj\u0105c jego samopoczucie i zdrowie psychiczne. Zainwestuj w e-booka ju\u017c teraz i spraw, aby ka\u017cdy dzie\u0144 Twojego pupila by\u0142 pe\u0142en rado\u015bci i stymulacji!<\/p>\n","protected":false},"excerpt":{"rendered":"<p>Odkryj, jak wzbogaci\u0107 \u017cycie swojego kota dzi\u0119ki naszemu e-bookowi \u201eZabawy Psychiczne i Intelektualne dla Kot\u00f3w\u201d!<\/p>\n<p>Ten praktyczny przewodnik dostarczy Ci inspiruj\u0105cych pomys\u0142\u00f3w na gry i zabawy, kt\u00f3re stymuluj\u0105 umys\u0142 i zapewniaj\u0105 Twojemu pupilowi mentalne wyzwania. Dowiedz si\u0119, jak stworzy\u0107 anga\u017cuj\u0105ce zabawki i aktywno\u015bci, kt\u00f3re pobudz\u0105 ciekawo\u015b\u0107 kota i zapobiegn\u0105 nudzie. Nasz e-book pomo\u017ce Ci wprowadzi\u0107 kreatywne zabawy do codziennego \u017cycia Twojego kota, poprawiaj\u0105c jego samopoczucie i zdrowie psychiczne.<\/p>\n<p>Zainwestuj w e-booka ju\u017c teraz i spraw, aby ka\u017cdy dzie\u0144 Twojego pupila by\u0142 pe\u0142en rado\u015bci i stymulacji!<\/p>\n","protected":false},"featured_media":7499,"comment_status":"open","ping_status":"closed","template":"","meta":[],"product_brand":[],"product_cat":[60],"product_tag":[64,62,88,89,165,166,63,163,164,162,161],"class_list":{"0":"post-6375","1":"product","2":"type-product","3":"status-publish","4":"has-post-thumbnail","6":"product_cat-ebooki","7":"product_tag-ebook","8":"product_tag-kocie-porady","9":"product_tag-kot","10":"product_tag-koty","11":"product_tag-podrecznik","12":"product_tag-poradnik-jak-sie-bawic-z-kotem","13":"product_tag-porady-kocie","14":"product_tag-zabawa","15":"product_tag-zabawy","16":"product_tag-zabawy-intelektualne","17":"product_tag-zabawy-psychiczne","19":"first","20":"instock","21":"downloadable","22":"virtual","23":"taxable","24":"purchasable","25":"product-type-simple"},"yoast_head":"<!-- This site is optimized with the Yoast SEO plugin v27.4 - https:\/\/yoast.com\/product\/yoast-seo-wordpress\/ -->\n<title>ebook: Zabawy psychiczne i intelektualne dla kot\u00f3w - Sklep dla kocich opiekun\u00f3w<\/title>\n<meta name=\"description\" content=\"Odkryj, jak wzbogaci\u0107 \u017cycie swojego kota dzi\u0119ki naszemu e-bookowi \u201eZabawy Psychiczne i Intelektualne dla Kot\u00f3w\u201d! Ten praktyczny przewodnik dostarczy Ci inspiruj\u0105cych pomys\u0142\u00f3w na gry i zabawy, kt\u00f3re stymuluj\u0105 umys\u0142 i zapewniaj\u0105 Twojemu pupilowi mentalne wyzwania. Dowiedz si\u0119, jak stworzy\u0107 anga\u017cuj\u0105ce zabawki i aktywno\u015bci, kt\u00f3re pobudz\u0105 ciekawo\u015b\u0107 kota i zapobiegn\u0105 nudzie. Nasz e-book pomo\u017ce Ci wprowadzi\u0107 kreatywne zabawy do codziennego \u017cycia Twojego kota, poprawiaj\u0105c jego samopoczucie i zdrowie psychiczne. Zainwestuj w e-booka ju\u017c teraz i spraw, aby ka\u017cdy dzie\u0144 Twojego pupila by\u0142 pe\u0142en rado\u015bci i stymulacji!\" \/>\n<meta name=\"robots\" content=\"index, follow, max-snippet:-1, max-image-preview:large, max-video-preview:-1\" \/>\n<link rel=\"canonical\" href=\"https:\/\/kocie-porady.pl\/sklep\/index.php\/produkt\/zabawy-psychiczne-i-intelektualne-dla-kotow\/\" \/>\n<meta property=\"og:locale\" content=\"pl_PL\" \/>\n<meta property=\"og:type\" content=\"article\" \/>\n<meta property=\"og:title\" content=\"ebook: Zabawy psychiczne i intelektualne dla kot\u00f3w - Sklep dla kocich opiekun\u00f3w\" \/>\n<meta property=\"og:description\" content=\"Odkryj, jak wzbogaci\u0107 \u017cycie swojego kota dzi\u0119ki naszemu e-bookowi \u201eZabawy Psychiczne i Intelektualne dla Kot\u00f3w\u201d! Ten praktyczny przewodnik dostarczy Ci inspiruj\u0105cych pomys\u0142\u00f3w na gry i zabawy, kt\u00f3re stymuluj\u0105 umys\u0142 i zapewniaj\u0105 Twojemu pupilowi mentalne wyzwania. Dowiedz si\u0119, jak stworzy\u0107 anga\u017cuj\u0105ce zabawki i aktywno\u015bci, kt\u00f3re pobudz\u0105 ciekawo\u015b\u0107 kota i zapobiegn\u0105 nudzie. Nasz e-book pomo\u017ce Ci wprowadzi\u0107 kreatywne zabawy do codziennego \u017cycia Twojego kota, poprawiaj\u0105c jego samopoczucie i zdrowie psychiczne. Zainwestuj w e-booka ju\u017c teraz i spraw, aby ka\u017cdy dzie\u0144 Twojego pupila by\u0142 pe\u0142en rado\u015bci i stymulacji!\" \/>\n<meta property=\"og:url\" content=\"https:\/\/kocie-porady.pl\/sklep\/index.php\/produkt\/zabawy-psychiczne-i-intelektualne-dla-kotow\/\" \/>\n<meta property=\"og:site_name\" content=\"Sklep dla kocich opiekun\u00f3w\" \/>\n<meta property=\"article:modified_time\" content=\"2025-03-22T21:28:26+00:00\" \/>\n<meta property=\"og:image\" content=\"https:\/\/kocie-porady.pl\/sklep\/wp-content\/uploads\/2021\/06\/Zabawy-intelektualne-z-kotami.png\" \/>\n\t<meta property=\"og:image:width\" content=\"800\" \/>\n\t<meta property=\"og:image:height\" content=\"800\" \/>\n\t<meta property=\"og:image:type\" content=\"image\/png\" \/>\n<meta name=\"twitter:card\" content=\"summary_large_image\" \/>\n<meta name=\"twitter:label1\" content=\"Szacowany czas czytania\" \/>\n\t<meta name=\"twitter:data1\" content=\"1 minuta\" \/>\n<script type=\"application\/ld+json\" class=\"yoast-schema-graph\">{\"@context\":\"https:\\\/\\\/schema.org\",\"@graph\":[{\"@type\":\"WebPage\",\"@id\":\"https:\\\/\\\/kocie-porady.pl\\\/sklep\\\/index.php\\\/produkt\\\/zabawy-psychiczne-i-intelektualne-dla-kotow\\\/\",\"url\":\"https:\\\/\\\/kocie-porady.pl\\\/sklep\\\/index.php\\\/produkt\\\/zabawy-psychiczne-i-intelektualne-dla-kotow\\\/\",\"name\":\"ebook: Zabawy psychiczne i intelektualne dla kot\u00f3w - Sklep dla kocich opiekun\u00f3w\",\"isPartOf\":{\"@id\":\"https:\\\/\\\/kocie-porady.pl\\\/sklep\\\/#website\"},\"primaryImageOfPage\":{\"@id\":\"https:\\\/\\\/kocie-porady.pl\\\/sklep\\\/index.php\\\/produkt\\\/zabawy-psychiczne-i-intelektualne-dla-kotow\\\/#primaryimage\"},\"image\":{\"@id\":\"https:\\\/\\\/kocie-porady.pl\\\/sklep\\\/index.php\\\/produkt\\\/zabawy-psychiczne-i-intelektualne-dla-kotow\\\/#primaryimage\"},\"thumbnailUrl\":\"https:\\\/\\\/kocie-porady.pl\\\/sklep\\\/wp-content\\\/uploads\\\/2021\\\/06\\\/Zabawy-intelektualne-z-kotami.png\",\"datePublished\":\"2021-06-18T21:11:59+00:00\",\"dateModified\":\"2025-03-22T21:28:26+00:00\",\"description\":\"Odkryj, jak wzbogaci\u0107 \u017cycie swojego kota dzi\u0119ki naszemu e-bookowi \u201eZabawy Psychiczne i Intelektualne dla Kot\u00f3w\u201d! Ten praktyczny przewodnik dostarczy Ci inspiruj\u0105cych pomys\u0142\u00f3w na gry i zabawy, kt\u00f3re stymuluj\u0105 umys\u0142 i zapewniaj\u0105 Twojemu pupilowi mentalne wyzwania. Dowiedz si\u0119, jak stworzy\u0107 anga\u017cuj\u0105ce zabawki i aktywno\u015bci, kt\u00f3re pobudz\u0105 ciekawo\u015b\u0107 kota i zapobiegn\u0105 nudzie. Nasz e-book pomo\u017ce Ci wprowadzi\u0107 kreatywne zabawy do codziennego \u017cycia Twojego kota, poprawiaj\u0105c jego samopoczucie i zdrowie psychiczne. Zainwestuj w e-booka ju\u017c teraz i spraw, aby ka\u017cdy dzie\u0144 Twojego pupila by\u0142 pe\u0142en rado\u015bci i stymulacji!\",\"breadcrumb\":{\"@id\":\"https:\\\/\\\/kocie-porady.pl\\\/sklep\\\/index.php\\\/produkt\\\/zabawy-psychiczne-i-intelektualne-dla-kotow\\\/#breadcrumb\"},\"inLanguage\":\"pl-PL\",\"potentialAction\":[{\"@type\":\"ReadAction\",\"target\":[\"https:\\\/\\\/kocie-porady.pl\\\/sklep\\\/index.php\\\/produkt\\\/zabawy-psychiczne-i-intelektualne-dla-kotow\\\/\"]}]},{\"@type\":\"ImageObject\",\"inLanguage\":\"pl-PL\",\"@id\":\"https:\\\/\\\/kocie-porady.pl\\\/sklep\\\/index.php\\\/produkt\\\/zabawy-psychiczne-i-intelektualne-dla-kotow\\\/#primaryimage\",\"url\":\"https:\\\/\\\/kocie-porady.pl\\\/sklep\\\/wp-content\\\/uploads\\\/2021\\\/06\\\/Zabawy-intelektualne-z-kotami.png\",\"contentUrl\":\"https:\\\/\\\/kocie-porady.pl\\\/sklep\\\/wp-content\\\/uploads\\\/2021\\\/06\\\/Zabawy-intelektualne-z-kotami.png\",\"width\":800,\"height\":800,\"caption\":\"Zabawy intelektualne z kotami\"},{\"@type\":\"BreadcrumbList\",\"@id\":\"https:\\\/\\\/kocie-porady.pl\\\/sklep\\\/index.php\\\/produkt\\\/zabawy-psychiczne-i-intelektualne-dla-kotow\\\/#breadcrumb\",\"itemListElement\":[{\"@type\":\"ListItem\",\"position\":1,\"name\":\"Strona g\u0142\u00f3wna\",\"item\":\"https:\\\/\\\/kocie-porady.pl\\\/sklep\\\/\"},{\"@type\":\"ListItem\",\"position\":2,\"name\":\"Sklep\",\"item\":\"https:\\\/\\\/kocie-porady.pl\\\/sklep\\\/index.php\\\/sklep\\\/\"},{\"@type\":\"ListItem\",\"position\":3,\"name\":\"ebook: Zabawy psychiczne i intelektualne dla kot\u00f3w\"}]},{\"@type\":\"WebSite\",\"@id\":\"https:\\\/\\\/kocie-porady.pl\\\/sklep\\\/#website\",\"url\":\"https:\\\/\\\/kocie-porady.pl\\\/sklep\\\/\",\"name\":\"Sklep dla kocich opiekun\u00f3w\",\"description\":\"\",\"publisher\":{\"@id\":\"https:\\\/\\\/kocie-porady.pl\\\/sklep\\\/#\\\/schema\\\/person\\\/3585b25f6c41a8448e9e088f50954cf4\"},\"potentialAction\":[{\"@type\":\"SearchAction\",\"target\":{\"@type\":\"EntryPoint\",\"urlTemplate\":\"https:\\\/\\\/kocie-porady.pl\\\/sklep\\\/?s={search_term_string}\"},\"query-input\":{\"@type\":\"PropertyValueSpecification\",\"valueRequired\":true,\"valueName\":\"search_term_string\"}}],\"inLanguage\":\"pl-PL\"},{\"@type\":[\"Person\",\"Organization\"],\"@id\":\"https:\\\/\\\/kocie-porady.pl\\\/sklep\\\/#\\\/schema\\\/person\\\/3585b25f6c41a8448e9e088f50954cf4\",\"name\":\"admin\",\"image\":{\"@type\":\"ImageObject\",\"inLanguage\":\"pl-PL\",\"@id\":\"https:\\\/\\\/kocie-porady.pl\\\/sklep\\\/wp-content\\\/uploads\\\/2026\\\/04\\\/koci-behawioryzm-500-x-200-px-2.png\",\"url\":\"https:\\\/\\\/kocie-porady.pl\\\/sklep\\\/wp-content\\\/uploads\\\/2026\\\/04\\\/koci-behawioryzm-500-x-200-px-2.png\",\"contentUrl\":\"https:\\\/\\\/kocie-porady.pl\\\/sklep\\\/wp-content\\\/uploads\\\/2026\\\/04\\\/koci-behawioryzm-500-x-200-px-2.png\",\"width\":200,\"height\":100,\"caption\":\"admin\"},\"logo\":{\"@id\":\"https:\\\/\\\/kocie-porady.pl\\\/sklep\\\/wp-content\\\/uploads\\\/2026\\\/04\\\/koci-behawioryzm-500-x-200-px-2.png\"},\"sameAs\":[\"https:\\\/\\\/kocie-porady.pl\\\/sklep\"]}]}<\/script>\n<!-- \/ Yoast SEO plugin. -->","yoast_head_json":{"title":"ebook: Zabawy psychiczne i intelektualne dla kot\u00f3w - Sklep dla kocich opiekun\u00f3w","description":"Odkryj, jak wzbogaci\u0107 \u017cycie swojego kota dzi\u0119ki naszemu e-bookowi \u201eZabawy Psychiczne i Intelektualne dla Kot\u00f3w\u201d! Ten praktyczny przewodnik dostarczy Ci inspiruj\u0105cych pomys\u0142\u00f3w na gry i zabawy, kt\u00f3re stymuluj\u0105 umys\u0142 i zapewniaj\u0105 Twojemu pupilowi mentalne wyzwania. Dowiedz si\u0119, jak stworzy\u0107 anga\u017cuj\u0105ce zabawki i aktywno\u015bci, kt\u00f3re pobudz\u0105 ciekawo\u015b\u0107 kota i zapobiegn\u0105 nudzie. Nasz e-book pomo\u017ce Ci wprowadzi\u0107 kreatywne zabawy do codziennego \u017cycia Twojego kota, poprawiaj\u0105c jego samopoczucie i zdrowie psychiczne. Zainwestuj w e-booka ju\u017c teraz i spraw, aby ka\u017cdy dzie\u0144 Twojego pupila by\u0142 pe\u0142en rado\u015bci i stymulacji!","robots":{"index":"index","follow":"follow","max-snippet":"max-snippet:-1","max-image-preview":"max-image-preview:large","max-video-preview":"max-video-preview:-1"},"canonical":"https:\/\/kocie-porady.pl\/sklep\/index.php\/produkt\/zabawy-psychiczne-i-intelektualne-dla-kotow\/","og_locale":"pl_PL","og_type":"article","og_title":"ebook: Zabawy psychiczne i intelektualne dla kot\u00f3w - Sklep dla kocich opiekun\u00f3w","og_description":"Odkryj, jak wzbogaci\u0107 \u017cycie swojego kota dzi\u0119ki naszemu e-bookowi \u201eZabawy Psychiczne i Intelektualne dla Kot\u00f3w\u201d! Ten praktyczny przewodnik dostarczy Ci inspiruj\u0105cych pomys\u0142\u00f3w na gry i zabawy, kt\u00f3re stymuluj\u0105 umys\u0142 i zapewniaj\u0105 Twojemu pupilowi mentalne wyzwania. Dowiedz si\u0119, jak stworzy\u0107 anga\u017cuj\u0105ce zabawki i aktywno\u015bci, kt\u00f3re pobudz\u0105 ciekawo\u015b\u0107 kota i zapobiegn\u0105 nudzie. Nasz e-book pomo\u017ce Ci wprowadzi\u0107 kreatywne zabawy do codziennego \u017cycia Twojego kota, poprawiaj\u0105c jego samopoczucie i zdrowie psychiczne. Zainwestuj w e-booka ju\u017c teraz i spraw, aby ka\u017cdy dzie\u0144 Twojego pupila by\u0142 pe\u0142en rado\u015bci i stymulacji!","og_url":"https:\/\/kocie-porady.pl\/sklep\/index.php\/produkt\/zabawy-psychiczne-i-intelektualne-dla-kotow\/","og_site_name":"Sklep dla kocich opiekun\u00f3w","article_modified_time":"2025-03-22T21:28:26+00:00","og_image":[{"width":800,"height":800,"url":"https:\/\/kocie-porady.pl\/sklep\/wp-content\/uploads\/2021\/06\/Zabawy-intelektualne-z-kotami.png","type":"image\/png"}],"twitter_card":"summary_large_image","twitter_misc":{"Szacowany czas czytania":"1 minuta"},"schema":{"@context":"https:\/\/schema.org","@graph":[{"@type":"WebPage","@id":"https:\/\/kocie-porady.pl\/sklep\/index.php\/produkt\/zabawy-psychiczne-i-intelektualne-dla-kotow\/","url":"https:\/\/kocie-porady.pl\/sklep\/index.php\/produkt\/zabawy-psychiczne-i-intelektualne-dla-kotow\/","name":"ebook: Zabawy psychiczne i intelektualne dla kot\u00f3w - Sklep dla kocich opiekun\u00f3w","isPartOf":{"@id":"https:\/\/kocie-porady.pl\/sklep\/#website"},"primaryImageOfPage":{"@id":"https:\/\/kocie-porady.pl\/sklep\/index.php\/produkt\/zabawy-psychiczne-i-intelektualne-dla-kotow\/#primaryimage"},"image":{"@id":"https:\/\/kocie-porady.pl\/sklep\/index.php\/produkt\/zabawy-psychiczne-i-intelektualne-dla-kotow\/#primaryimage"},"thumbnailUrl":"https:\/\/kocie-porady.pl\/sklep\/wp-content\/uploads\/2021\/06\/Zabawy-intelektualne-z-kotami.png","datePublished":"2021-06-18T21:11:59+00:00","dateModified":"2025-03-22T21:28:26+00:00","description":"Odkryj, jak wzbogaci\u0107 \u017cycie swojego kota dzi\u0119ki naszemu e-bookowi \u201eZabawy Psychiczne i Intelektualne dla Kot\u00f3w\u201d! Ten praktyczny przewodnik dostarczy Ci inspiruj\u0105cych pomys\u0142\u00f3w na gry i zabawy, kt\u00f3re stymuluj\u0105 umys\u0142 i zapewniaj\u0105 Twojemu pupilowi mentalne wyzwania. Dowiedz si\u0119, jak stworzy\u0107 anga\u017cuj\u0105ce zabawki i aktywno\u015bci, kt\u00f3re pobudz\u0105 ciekawo\u015b\u0107 kota i zapobiegn\u0105 nudzie. Nasz e-book pomo\u017ce Ci wprowadzi\u0107 kreatywne zabawy do codziennego \u017cycia Twojego kota, poprawiaj\u0105c jego samopoczucie i zdrowie psychiczne. Zainwestuj w e-booka ju\u017c teraz i spraw, aby ka\u017cdy dzie\u0144 Twojego pupila by\u0142 pe\u0142en rado\u015bci i stymulacji!","breadcrumb":{"@id":"https:\/\/kocie-porady.pl\/sklep\/index.php\/produkt\/zabawy-psychiczne-i-intelektualne-dla-kotow\/#breadcrumb"},"inLanguage":"pl-PL","potentialAction":[{"@type":"ReadAction","target":["https:\/\/kocie-porady.pl\/sklep\/index.php\/produkt\/zabawy-psychiczne-i-intelektualne-dla-kotow\/"]}]},{"@type":"ImageObject","inLanguage":"pl-PL","@id":"https:\/\/kocie-porady.pl\/sklep\/index.php\/produkt\/zabawy-psychiczne-i-intelektualne-dla-kotow\/#primaryimage","url":"https:\/\/kocie-porady.pl\/sklep\/wp-content\/uploads\/2021\/06\/Zabawy-intelektualne-z-kotami.png","contentUrl":"https:\/\/kocie-porady.pl\/sklep\/wp-content\/uploads\/2021\/06\/Zabawy-intelektualne-z-kotami.png","width":800,"height":800,"caption":"Zabawy intelektualne z kotami"},{"@type":"BreadcrumbList","@id":"https:\/\/kocie-porady.pl\/sklep\/index.php\/produkt\/zabawy-psychiczne-i-intelektualne-dla-kotow\/#breadcrumb","itemListElement":[{"@type":"ListItem","position":1,"name":"Strona g\u0142\u00f3wna","item":"https:\/\/kocie-porady.pl\/sklep\/"},{"@type":"ListItem","position":2,"name":"Sklep","item":"https:\/\/kocie-porady.pl\/sklep\/index.php\/sklep\/"},{"@type":"ListItem","position":3,"name":"ebook: Zabawy psychiczne i intelektualne dla kot\u00f3w"}]},{"@type":"WebSite","@id":"https:\/\/kocie-porady.pl\/sklep\/#website","url":"https:\/\/kocie-porady.pl\/sklep\/","name":"Sklep dla kocich opiekun\u00f3w","description":"","publisher":{"@id":"https:\/\/kocie-porady.pl\/sklep\/#\/schema\/person\/3585b25f6c41a8448e9e088f50954cf4"},"potentialAction":[{"@type":"SearchAction","target":{"@type":"EntryPoint","urlTemplate":"https:\/\/kocie-porady.pl\/sklep\/?s={search_term_string}"},"query-input":{"@type":"PropertyValueSpecification","valueRequired":true,"valueName":"search_term_string"}}],"inLanguage":"pl-PL"},{"@type":["Person","Organization"],"@id":"https:\/\/kocie-porady.pl\/sklep\/#\/schema\/person\/3585b25f6c41a8448e9e088f50954cf4","name":"admin","image":{"@type":"ImageObject","inLanguage":"pl-PL","@id":"https:\/\/kocie-porady.pl\/sklep\/wp-content\/uploads\/2026\/04\/koci-behawioryzm-500-x-200-px-2.png","url":"https:\/\/kocie-porady.pl\/sklep\/wp-content\/uploads\/2026\/04\/koci-behawioryzm-500-x-200-px-2.png","contentUrl":"https:\/\/kocie-porady.pl\/sklep\/wp-content\/uploads\/2026\/04\/koci-behawioryzm-500-x-200-px-2.png","width":200,"height":100,"caption":"admin"},"logo":{"@id":"https:\/\/kocie-porady.pl\/sklep\/wp-content\/uploads\/2026\/04\/koci-behawioryzm-500-x-200-px-2.png"},"sameAs":["https:\/\/kocie-porady.pl\/sklep"]}]}},"jetpack_sharing_enabled":true,"_links":{"self":[{"href":"https:\/\/kocie-porady.pl\/sklep\/index.php\/wp-json\/wp\/v2\/product\/6375","targetHints":{"allow":["GET"]}}],"collection":[{"href":"https:\/\/kocie-porady.pl\/sklep\/index.php\/wp-json\/wp\/v2\/product"}],"about":[{"href":"https:\/\/kocie-porady.pl\/sklep\/index.php\/wp-json\/wp\/v2\/types\/product"}],"replies":[{"embeddable":true,"href":"https:\/\/kocie-porady.pl\/sklep\/index.php\/wp-json\/wp\/v2\/comments?post=6375"}],"wp:featuredmedia":[{"embeddable":true,"href":"https:\/\/kocie-porady.pl\/sklep\/index.php\/wp-json\/wp\/v2\/media\/7499"}],"wp:attachment":[{"href":"https:\/\/kocie-porady.pl\/sklep\/index.php\/wp-json\/wp\/v2\/media?parent=6375"}],"wp:term":[{"taxonomy":"product_brand","embeddable":true,"href":"https:\/\/kocie-porady.pl\/sklep\/index.php\/wp-json\/wp\/v2\/product_brand?post=6375"},{"taxonomy":"product_cat","embeddable":true,"href":"https:\/\/kocie-porady.pl\/sklep\/index.php\/wp-json\/wp\/v2\/product_cat?post=6375"},{"taxonomy":"product_tag","embeddable":true,"href":"https:\/\/kocie-porady.pl\/sklep\/index.php\/wp-json\/wp\/v2\/product_tag?post=6375"}],"curies":[{"name":"wp","href":"https:\/\/api.w.org\/{rel}","templated":true}]}}