{"id":6260,"date":"2021-05-09T12:17:45","date_gmt":"2021-05-09T12:17:45","guid":{"rendered":"https:\/\/kocie-porady.pl\/sklep\/?post_type=product&#038;p=6260"},"modified":"2025-03-23T09:08:07","modified_gmt":"2025-03-23T09:08:07","slug":"opieka-nad-kotem-kiwaczkiem","status":"publish","type":"product","link":"https:\/\/kocie-porady.pl\/sklep\/index.php\/produkt\/opieka-nad-kotem-kiwaczkiem\/","title":{"rendered":"ebook: Opieka nad kotem kiwaczkiem"},"content":{"rendered":"<p>E-book \u201eKoty Kiwaczki\u201d to kompleksowy poradnik stworzony z my\u015bl\u0105 o obecnych i przysz\u0142ych opiekunach kot\u00f3w z hipoplazj\u0105 m\u00f3\u017cd\u017cku, czyli schorzeniem wp\u0142ywaj\u0105cym na koordynacj\u0119 ruchow\u0105 i r\u00f3wnowag\u0119. To nieocenione \u017ar\u00f3d\u0142o wiedzy, kt\u00f3re pomo\u017ce zrozumie\u0107 potrzeby tych niezwyk\u0142ych zwierz\u0105t, jednocze\u015bnie inspiruj\u0105c do budowania silnej wi\u0119zi z podopiecznym.<\/p>\n<p>Poradnik zawiera przyst\u0119pnie napisane informacje na temat przyczyn i objaw\u00f3w hipoplazji m\u00f3\u017cd\u017cku, a tak\u017ce praktyczne wskaz\u00f3wki dotycz\u0105ce codziennej opieki, \u017cywienia i dostosowywania przestrzeni w domu. Znajdziesz w nim r\u00f3wnie\u017c porady, jak rozpoznawa\u0107 oznaki stresu u kota, wspiera\u0107 go w radzeniu sobie z ograniczeniami oraz zapewni\u0107 bezpieczne i spokojne \u015brodowisko.<\/p>\n<p>Dzi\u0119ki temu e-bookowi dowiesz si\u0119, \u017ce koty z hipoplazj\u0105 mog\u0105 prowadzi\u0107 szcz\u0119\u015bliwe i pe\u0142ne \u017cycie, a ich adopcja, cho\u0107 wymaga zaanga\u017cowania, przynosi mn\u00f3stwo rado\u015bci i satysfakcji. Autor dzieli si\u0119 tak\u017ce inspiruj\u0105cymi historiami opiekun\u00f3w, kt\u00f3re pokazuj\u0105, jak niezwyk\u0142a mo\u017ce by\u0107 relacja z kotem o specjalnych potrzebach. E-book to nie tylko poradnik, ale r\u00f3wnie\u017c \u017ar\u00f3d\u0142o motywacji i wsparcia dla tych, kt\u00f3rzy chc\u0105 uczyni\u0107 \u017cycie swoich podopiecznych lepszym.<\/p>\n<p>Je\u015bli chcesz dowiedzie\u0107 si\u0119, jak zadba\u0107 o kota z hipoplazj\u0105 m\u00f3\u017cd\u017cku i stworzy\u0107 mu bezpieczny, kochaj\u0105cy dom, ten e-book jest idealnym przewodnikiem. Pozw\u00f3l si\u0119 zainspirowa\u0107 i odkryj, jak wiele rado\u015bci mo\u017ce przynie\u015b\u0107 opieka nad &#8222;kiwaczkiem&#8221;.<\/p>\n","protected":false},"excerpt":{"rendered":"<p>E-book \u201eKoty Kiwaczki\u201d to praktyczny poradnik dla opiekun\u00f3w kot\u00f3w z hipoplazj\u0105 m\u00f3\u017cd\u017cku, kt\u00f3ry w przyst\u0119pny spos\u00f3b wyja\u015bnia, jak zrozumie\u0107 potrzeby tych niezwyk\u0142ych zwierz\u0105t i zapewni\u0107 im komfortowe \u017cycie. Znajdziesz tu informacje o przyczynach i objawach schorzenia, wskaz\u00f3wki dotycz\u0105ce codziennej opieki, \u017cywienia i dostosowania przestrzeni, a tak\u017ce inspiruj\u0105ce historie opiekun\u00f3w. To idealny przewodnik dla tych, kt\u00f3rzy chc\u0105 stworzy\u0107 bezpieczny i kochaj\u0105cy dom dla kota z hipoplazj\u0105.<\/p>\n","protected":false},"featured_media":7506,"comment_status":"open","ping_status":"closed","template":"","meta":[],"product_brand":[],"product_cat":[60],"product_tag":[358,356,355,64,357,353,354,62,88,89,63],"class_list":{"0":"post-6260","1":"product","2":"type-product","3":"status-publish","4":"has-post-thumbnail","6":"product_cat-ebooki","7":"product_tag-checklista","8":"product_tag-dysplazja-mozgowa","9":"product_tag-dysplazja-mozgu","10":"product_tag-ebook","11":"product_tag-faq","12":"product_tag-kiwaczek","13":"product_tag-kiwaczki","14":"product_tag-kocie-porady","15":"product_tag-kot","16":"product_tag-koty","17":"product_tag-porady-kocie","19":"first","20":"instock","21":"downloadable","22":"virtual","23":"taxable","24":"purchasable","25":"product-type-simple"},"yoast_head":"<!-- This site is optimized with the Yoast SEO plugin v27.4 - https:\/\/yoast.com\/product\/yoast-seo-wordpress\/ -->\n<title>ebook: Opieka nad kotem kiwaczkiem - Sklep dla kocich opiekun\u00f3w<\/title>\n<meta name=\"description\" content=\"Opieka nad kotem kiwaczkiem, to materia\u0142 spisany dla opiekun\u00f3w kot\u00f3w kt\u00f3rzy borykaj\u0105 si\u0119 z hipoplazja m\u00f3\u017cd\u017cku - dzi\u0119ki poradnikowi dowiesz si\u0119 jak zajmowa\u0107 si\u0119 takim kotem, jakie s\u0105 jego potrzeby i co mo\u017cna zrobi\u0107 by u\u0142atwi\u0107 mu funkcjonalnie.\u00a0\" \/>\n<meta name=\"robots\" content=\"index, follow, max-snippet:-1, max-image-preview:large, max-video-preview:-1\" \/>\n<link rel=\"canonical\" href=\"https:\/\/kocie-porady.pl\/sklep\/index.php\/produkt\/opieka-nad-kotem-kiwaczkiem\/\" \/>\n<meta property=\"og:locale\" content=\"pl_PL\" \/>\n<meta property=\"og:type\" content=\"article\" \/>\n<meta property=\"og:title\" content=\"ebook: Opieka nad kotem kiwaczkiem - Sklep dla kocich opiekun\u00f3w\" \/>\n<meta property=\"og:description\" content=\"Opieka nad kotem kiwaczkiem, to materia\u0142 spisany dla opiekun\u00f3w kot\u00f3w kt\u00f3rzy borykaj\u0105 si\u0119 z hipoplazja m\u00f3\u017cd\u017cku - dzi\u0119ki poradnikowi dowiesz si\u0119 jak zajmowa\u0107 si\u0119 takim kotem, jakie s\u0105 jego potrzeby i co mo\u017cna zrobi\u0107 by u\u0142atwi\u0107 mu funkcjonalnie.\u00a0\" \/>\n<meta property=\"og:url\" content=\"https:\/\/kocie-porady.pl\/sklep\/index.php\/produkt\/opieka-nad-kotem-kiwaczkiem\/\" \/>\n<meta property=\"og:site_name\" content=\"Sklep dla kocich opiekun\u00f3w\" \/>\n<meta property=\"article:modified_time\" content=\"2025-03-23T09:08:07+00:00\" \/>\n<meta property=\"og:image\" content=\"https:\/\/kocie-porady.pl\/sklep\/wp-content\/uploads\/2021\/05\/Opieka-nad-kiwaczkiem.png\" \/>\n\t<meta property=\"og:image:width\" content=\"800\" \/>\n\t<meta property=\"og:image:height\" content=\"800\" \/>\n\t<meta property=\"og:image:type\" content=\"image\/png\" \/>\n<meta name=\"twitter:card\" content=\"summary_large_image\" \/>\n<meta name=\"twitter:label1\" content=\"Szacowany czas czytania\" \/>\n\t<meta name=\"twitter:data1\" content=\"2 minuty\" \/>\n<script type=\"application\/ld+json\" class=\"yoast-schema-graph\">{\"@context\":\"https:\\\/\\\/schema.org\",\"@graph\":[{\"@type\":\"WebPage\",\"@id\":\"https:\\\/\\\/kocie-porady.pl\\\/sklep\\\/index.php\\\/produkt\\\/opieka-nad-kotem-kiwaczkiem\\\/\",\"url\":\"https:\\\/\\\/kocie-porady.pl\\\/sklep\\\/index.php\\\/produkt\\\/opieka-nad-kotem-kiwaczkiem\\\/\",\"name\":\"ebook: Opieka nad kotem kiwaczkiem - Sklep dla kocich opiekun\u00f3w\",\"isPartOf\":{\"@id\":\"https:\\\/\\\/kocie-porady.pl\\\/sklep\\\/#website\"},\"primaryImageOfPage\":{\"@id\":\"https:\\\/\\\/kocie-porady.pl\\\/sklep\\\/index.php\\\/produkt\\\/opieka-nad-kotem-kiwaczkiem\\\/#primaryimage\"},\"image\":{\"@id\":\"https:\\\/\\\/kocie-porady.pl\\\/sklep\\\/index.php\\\/produkt\\\/opieka-nad-kotem-kiwaczkiem\\\/#primaryimage\"},\"thumbnailUrl\":\"https:\\\/\\\/kocie-porady.pl\\\/sklep\\\/wp-content\\\/uploads\\\/2021\\\/05\\\/Opieka-nad-kiwaczkiem.png\",\"datePublished\":\"2021-05-09T12:17:45+00:00\",\"dateModified\":\"2025-03-23T09:08:07+00:00\",\"description\":\"Opieka nad kotem kiwaczkiem, to materia\u0142 spisany dla opiekun\u00f3w kot\u00f3w kt\u00f3rzy borykaj\u0105 si\u0119 z hipoplazja m\u00f3\u017cd\u017cku - dzi\u0119ki poradnikowi dowiesz si\u0119 jak zajmowa\u0107 si\u0119 takim kotem, jakie s\u0105 jego potrzeby i co mo\u017cna zrobi\u0107 by u\u0142atwi\u0107 mu funkcjonalnie.\u00a0\",\"breadcrumb\":{\"@id\":\"https:\\\/\\\/kocie-porady.pl\\\/sklep\\\/index.php\\\/produkt\\\/opieka-nad-kotem-kiwaczkiem\\\/#breadcrumb\"},\"inLanguage\":\"pl-PL\",\"potentialAction\":[{\"@type\":\"ReadAction\",\"target\":[\"https:\\\/\\\/kocie-porady.pl\\\/sklep\\\/index.php\\\/produkt\\\/opieka-nad-kotem-kiwaczkiem\\\/\"]}]},{\"@type\":\"ImageObject\",\"inLanguage\":\"pl-PL\",\"@id\":\"https:\\\/\\\/kocie-porady.pl\\\/sklep\\\/index.php\\\/produkt\\\/opieka-nad-kotem-kiwaczkiem\\\/#primaryimage\",\"url\":\"https:\\\/\\\/kocie-porady.pl\\\/sklep\\\/wp-content\\\/uploads\\\/2021\\\/05\\\/Opieka-nad-kiwaczkiem.png\",\"contentUrl\":\"https:\\\/\\\/kocie-porady.pl\\\/sklep\\\/wp-content\\\/uploads\\\/2021\\\/05\\\/Opieka-nad-kiwaczkiem.png\",\"width\":800,\"height\":800,\"caption\":\"Opieka nad kiwaczkiem\"},{\"@type\":\"BreadcrumbList\",\"@id\":\"https:\\\/\\\/kocie-porady.pl\\\/sklep\\\/index.php\\\/produkt\\\/opieka-nad-kotem-kiwaczkiem\\\/#breadcrumb\",\"itemListElement\":[{\"@type\":\"ListItem\",\"position\":1,\"name\":\"Strona g\u0142\u00f3wna\",\"item\":\"https:\\\/\\\/kocie-porady.pl\\\/sklep\\\/\"},{\"@type\":\"ListItem\",\"position\":2,\"name\":\"Sklep\",\"item\":\"https:\\\/\\\/kocie-porady.pl\\\/sklep\\\/index.php\\\/sklep\\\/\"},{\"@type\":\"ListItem\",\"position\":3,\"name\":\"ebook: Opieka nad kotem kiwaczkiem\"}]},{\"@type\":\"WebSite\",\"@id\":\"https:\\\/\\\/kocie-porady.pl\\\/sklep\\\/#website\",\"url\":\"https:\\\/\\\/kocie-porady.pl\\\/sklep\\\/\",\"name\":\"Sklep dla kocich opiekun\u00f3w\",\"description\":\"\",\"publisher\":{\"@id\":\"https:\\\/\\\/kocie-porady.pl\\\/sklep\\\/#\\\/schema\\\/person\\\/3585b25f6c41a8448e9e088f50954cf4\"},\"potentialAction\":[{\"@type\":\"SearchAction\",\"target\":{\"@type\":\"EntryPoint\",\"urlTemplate\":\"https:\\\/\\\/kocie-porady.pl\\\/sklep\\\/?s={search_term_string}\"},\"query-input\":{\"@type\":\"PropertyValueSpecification\",\"valueRequired\":true,\"valueName\":\"search_term_string\"}}],\"inLanguage\":\"pl-PL\"},{\"@type\":[\"Person\",\"Organization\"],\"@id\":\"https:\\\/\\\/kocie-porady.pl\\\/sklep\\\/#\\\/schema\\\/person\\\/3585b25f6c41a8448e9e088f50954cf4\",\"name\":\"admin\",\"image\":{\"@type\":\"ImageObject\",\"inLanguage\":\"pl-PL\",\"@id\":\"https:\\\/\\\/kocie-porady.pl\\\/sklep\\\/wp-content\\\/uploads\\\/2026\\\/04\\\/koci-behawioryzm-500-x-200-px-2.png\",\"url\":\"https:\\\/\\\/kocie-porady.pl\\\/sklep\\\/wp-content\\\/uploads\\\/2026\\\/04\\\/koci-behawioryzm-500-x-200-px-2.png\",\"contentUrl\":\"https:\\\/\\\/kocie-porady.pl\\\/sklep\\\/wp-content\\\/uploads\\\/2026\\\/04\\\/koci-behawioryzm-500-x-200-px-2.png\",\"width\":200,\"height\":100,\"caption\":\"admin\"},\"logo\":{\"@id\":\"https:\\\/\\\/kocie-porady.pl\\\/sklep\\\/wp-content\\\/uploads\\\/2026\\\/04\\\/koci-behawioryzm-500-x-200-px-2.png\"},\"sameAs\":[\"https:\\\/\\\/kocie-porady.pl\\\/sklep\"]}]}<\/script>\n<!-- \/ Yoast SEO plugin. -->","yoast_head_json":{"title":"ebook: Opieka nad kotem kiwaczkiem - Sklep dla kocich opiekun\u00f3w","description":"Opieka nad kotem kiwaczkiem, to materia\u0142 spisany dla opiekun\u00f3w kot\u00f3w kt\u00f3rzy borykaj\u0105 si\u0119 z hipoplazja m\u00f3\u017cd\u017cku - dzi\u0119ki poradnikowi dowiesz si\u0119 jak zajmowa\u0107 si\u0119 takim kotem, jakie s\u0105 jego potrzeby i co mo\u017cna zrobi\u0107 by u\u0142atwi\u0107 mu funkcjonalnie.\u00a0","robots":{"index":"index","follow":"follow","max-snippet":"max-snippet:-1","max-image-preview":"max-image-preview:large","max-video-preview":"max-video-preview:-1"},"canonical":"https:\/\/kocie-porady.pl\/sklep\/index.php\/produkt\/opieka-nad-kotem-kiwaczkiem\/","og_locale":"pl_PL","og_type":"article","og_title":"ebook: Opieka nad kotem kiwaczkiem - Sklep dla kocich opiekun\u00f3w","og_description":"Opieka nad kotem kiwaczkiem, to materia\u0142 spisany dla opiekun\u00f3w kot\u00f3w kt\u00f3rzy borykaj\u0105 si\u0119 z hipoplazja m\u00f3\u017cd\u017cku - dzi\u0119ki poradnikowi dowiesz si\u0119 jak zajmowa\u0107 si\u0119 takim kotem, jakie s\u0105 jego potrzeby i co mo\u017cna zrobi\u0107 by u\u0142atwi\u0107 mu funkcjonalnie.\u00a0","og_url":"https:\/\/kocie-porady.pl\/sklep\/index.php\/produkt\/opieka-nad-kotem-kiwaczkiem\/","og_site_name":"Sklep dla kocich opiekun\u00f3w","article_modified_time":"2025-03-23T09:08:07+00:00","og_image":[{"width":800,"height":800,"url":"https:\/\/kocie-porady.pl\/sklep\/wp-content\/uploads\/2021\/05\/Opieka-nad-kiwaczkiem.png","type":"image\/png"}],"twitter_card":"summary_large_image","twitter_misc":{"Szacowany czas czytania":"2 minuty"},"schema":{"@context":"https:\/\/schema.org","@graph":[{"@type":"WebPage","@id":"https:\/\/kocie-porady.pl\/sklep\/index.php\/produkt\/opieka-nad-kotem-kiwaczkiem\/","url":"https:\/\/kocie-porady.pl\/sklep\/index.php\/produkt\/opieka-nad-kotem-kiwaczkiem\/","name":"ebook: Opieka nad kotem kiwaczkiem - Sklep dla kocich opiekun\u00f3w","isPartOf":{"@id":"https:\/\/kocie-porady.pl\/sklep\/#website"},"primaryImageOfPage":{"@id":"https:\/\/kocie-porady.pl\/sklep\/index.php\/produkt\/opieka-nad-kotem-kiwaczkiem\/#primaryimage"},"image":{"@id":"https:\/\/kocie-porady.pl\/sklep\/index.php\/produkt\/opieka-nad-kotem-kiwaczkiem\/#primaryimage"},"thumbnailUrl":"https:\/\/kocie-porady.pl\/sklep\/wp-content\/uploads\/2021\/05\/Opieka-nad-kiwaczkiem.png","datePublished":"2021-05-09T12:17:45+00:00","dateModified":"2025-03-23T09:08:07+00:00","description":"Opieka nad kotem kiwaczkiem, to materia\u0142 spisany dla opiekun\u00f3w kot\u00f3w kt\u00f3rzy borykaj\u0105 si\u0119 z hipoplazja m\u00f3\u017cd\u017cku - dzi\u0119ki poradnikowi dowiesz si\u0119 jak zajmowa\u0107 si\u0119 takim kotem, jakie s\u0105 jego potrzeby i co mo\u017cna zrobi\u0107 by u\u0142atwi\u0107 mu funkcjonalnie.\u00a0","breadcrumb":{"@id":"https:\/\/kocie-porady.pl\/sklep\/index.php\/produkt\/opieka-nad-kotem-kiwaczkiem\/#breadcrumb"},"inLanguage":"pl-PL","potentialAction":[{"@type":"ReadAction","target":["https:\/\/kocie-porady.pl\/sklep\/index.php\/produkt\/opieka-nad-kotem-kiwaczkiem\/"]}]},{"@type":"ImageObject","inLanguage":"pl-PL","@id":"https:\/\/kocie-porady.pl\/sklep\/index.php\/produkt\/opieka-nad-kotem-kiwaczkiem\/#primaryimage","url":"https:\/\/kocie-porady.pl\/sklep\/wp-content\/uploads\/2021\/05\/Opieka-nad-kiwaczkiem.png","contentUrl":"https:\/\/kocie-porady.pl\/sklep\/wp-content\/uploads\/2021\/05\/Opieka-nad-kiwaczkiem.png","width":800,"height":800,"caption":"Opieka nad kiwaczkiem"},{"@type":"BreadcrumbList","@id":"https:\/\/kocie-porady.pl\/sklep\/index.php\/produkt\/opieka-nad-kotem-kiwaczkiem\/#breadcrumb","itemListElement":[{"@type":"ListItem","position":1,"name":"Strona g\u0142\u00f3wna","item":"https:\/\/kocie-porady.pl\/sklep\/"},{"@type":"ListItem","position":2,"name":"Sklep","item":"https:\/\/kocie-porady.pl\/sklep\/index.php\/sklep\/"},{"@type":"ListItem","position":3,"name":"ebook: Opieka nad kotem kiwaczkiem"}]},{"@type":"WebSite","@id":"https:\/\/kocie-porady.pl\/sklep\/#website","url":"https:\/\/kocie-porady.pl\/sklep\/","name":"Sklep dla kocich opiekun\u00f3w","description":"","publisher":{"@id":"https:\/\/kocie-porady.pl\/sklep\/#\/schema\/person\/3585b25f6c41a8448e9e088f50954cf4"},"potentialAction":[{"@type":"SearchAction","target":{"@type":"EntryPoint","urlTemplate":"https:\/\/kocie-porady.pl\/sklep\/?s={search_term_string}"},"query-input":{"@type":"PropertyValueSpecification","valueRequired":true,"valueName":"search_term_string"}}],"inLanguage":"pl-PL"},{"@type":["Person","Organization"],"@id":"https:\/\/kocie-porady.pl\/sklep\/#\/schema\/person\/3585b25f6c41a8448e9e088f50954cf4","name":"admin","image":{"@type":"ImageObject","inLanguage":"pl-PL","@id":"https:\/\/kocie-porady.pl\/sklep\/wp-content\/uploads\/2026\/04\/koci-behawioryzm-500-x-200-px-2.png","url":"https:\/\/kocie-porady.pl\/sklep\/wp-content\/uploads\/2026\/04\/koci-behawioryzm-500-x-200-px-2.png","contentUrl":"https:\/\/kocie-porady.pl\/sklep\/wp-content\/uploads\/2026\/04\/koci-behawioryzm-500-x-200-px-2.png","width":200,"height":100,"caption":"admin"},"logo":{"@id":"https:\/\/kocie-porady.pl\/sklep\/wp-content\/uploads\/2026\/04\/koci-behawioryzm-500-x-200-px-2.png"},"sameAs":["https:\/\/kocie-porady.pl\/sklep"]}]}},"jetpack_sharing_enabled":true,"_links":{"self":[{"href":"https:\/\/kocie-porady.pl\/sklep\/index.php\/wp-json\/wp\/v2\/product\/6260","targetHints":{"allow":["GET"]}}],"collection":[{"href":"https:\/\/kocie-porady.pl\/sklep\/index.php\/wp-json\/wp\/v2\/product"}],"about":[{"href":"https:\/\/kocie-porady.pl\/sklep\/index.php\/wp-json\/wp\/v2\/types\/product"}],"replies":[{"embeddable":true,"href":"https:\/\/kocie-porady.pl\/sklep\/index.php\/wp-json\/wp\/v2\/comments?post=6260"}],"wp:featuredmedia":[{"embeddable":true,"href":"https:\/\/kocie-porady.pl\/sklep\/index.php\/wp-json\/wp\/v2\/media\/7506"}],"wp:attachment":[{"href":"https:\/\/kocie-porady.pl\/sklep\/index.php\/wp-json\/wp\/v2\/media?parent=6260"}],"wp:term":[{"taxonomy":"product_brand","embeddable":true,"href":"https:\/\/kocie-porady.pl\/sklep\/index.php\/wp-json\/wp\/v2\/product_brand?post=6260"},{"taxonomy":"product_cat","embeddable":true,"href":"https:\/\/kocie-porady.pl\/sklep\/index.php\/wp-json\/wp\/v2\/product_cat?post=6260"},{"taxonomy":"product_tag","embeddable":true,"href":"https:\/\/kocie-porady.pl\/sklep\/index.php\/wp-json\/wp\/v2\/product_tag?post=6260"}],"curies":[{"name":"wp","href":"https:\/\/api.w.org\/{rel}","templated":true}]}}