{"id":5966,"date":"2021-03-30T15:02:36","date_gmt":"2021-03-30T15:02:36","guid":{"rendered":"https:\/\/kocie-porady.pl\/sklep\/?post_type=product&#038;p=5966"},"modified":"2025-03-22T21:33:36","modified_gmt":"2025-03-22T21:33:36","slug":"opieka-nad-kotem-w-domu-klienta","status":"publish","type":"product","link":"https:\/\/kocie-porady.pl\/sklep\/index.php\/produkt\/opieka-nad-kotem-w-domu-klienta\/","title":{"rendered":"Opieka nad kotem w domu klienta"},"content":{"rendered":"<p>W ramach projektu <strong>Kocie Porady<\/strong> oferujemy wiele us\u0142ug,\u00a0 jedn\u0105 z nich jest profesjonalna opieka nad zwierz\u0119tami domowymi, oferowanymi we wsp\u00f3\u0142pracy z projektem <a href=\"https:\/\/www.petsiterzy.pl\">Petsiterzy.pl<\/a> oraz stale rosn\u0105c\u0105\u00a0grup\u0105 odpowiedzialnych opiekun\u00f3w. W ramach oferty oferujemy opiek\u0119 nad ka\u017cdym zwierz\u0119ciem domowym, zaczynaj\u0105c od wizyt dochodz\u0105cych po zamieszkanie, opieka weekendowa, oraz r\u00f3\u017cne formy abonament\u00f3w.<\/p>\n<p>Jak wygl\u0105da opieka? Zgodnie z ustalonymi szczeg\u00f3\u0142ami (zawsze dobranymi indywidualnie) z klientem opiekun przychodzi do domu, zapewnia przede wszystkim wyczyszczenie kuwety, umycie (je\u015bli jest potrzeba miski z wod\u0105 oraz talerza z karm\u0105), nadz\u00f3r nad zachowaniem i zdrowiem podopiecznego, pr\u00f3b\u0119 aktywizacji fizyczn\u0105 lub psychiczn\u0105 oraz zapewnienie kotu kontaktu socjalnego.<\/p>\n<p>Opiekun dochodz\u0105cy otrzymuje zap\u0142at\u0119 wy\u0142\u0105cznie po powrocie do domu klienta gdy ten oceni \u017ce wszystko jest dobrze.<\/p>\n<p>Jak wygl\u0105da podpisanie umowy? Klient spotyka si\u0119 z przedstawicielem firmy we w\u0142asnym domu gdzie przedstawia swoich podopiecznych oraz warunki domowe, podpisuje umow\u0119. Klient op\u0142aca umow\u0119 przed swoim wyjazdem.<\/p>\n<p><strong>Minimalny czas opieki to 3 wizyty<\/strong>. <strong>Opieki nad kotami &#8211; poni\u017cej 3 wizyt nie b\u0119d\u0105 przyjmowane.<\/strong><\/p>\n<p>Zam\u00f3wienia last minute oraz dop\u0142aty:<\/p>\n<p>&#8211; rezerwacja na 1-24h przed terminem opieki +75%;<br \/>\n&#8211; rezerwacja na 25-48h przed terminem opieki +50%;<\/p>\n<p><strong>\u015awi\u0119ta +75%:<\/strong><\/p>\n<p>6 stycznia; 16 kwietnia; 1, 2, 3 maja; 5 czerwca; 16 czerwca; 15 sierpnia; 1, 11 listopada; 27, 28, 29, 30, 31 grudnia;<\/p>\n<p><strong>\u015awi\u0119ta +125%:<\/strong><\/p>\n<p>1 stycznia; 17, 18 kwietnia, 24, 25, 26 grudnia.<\/p>\n<p>Powy\u017csze zasady nie % dotycz\u0105cych \u015awi\u0105t &#8211; nie odnosz\u0105 si\u0119 do abonament\u00f3w, a jedynie do opiek pojedynczych.<\/p>\n","protected":false},"excerpt":{"rendered":"<p>W ramach projektu Kocie Porady oferujemy wiele us\u0142ug,\u00a0 jedn\u0105 z nich jest profesjonalna opieka nad zwierz\u0119tami domowymi, oferowanymi we wsp\u00f3\u0142pracy z projektem Petsiterzy.pl oraz stale rosn\u0105c\u0105\u00a0grup\u0105 odpowiedzialnych opiekun\u00f3w. W ramach&#8230;<\/p>\n","protected":false},"featured_media":6325,"comment_status":"open","ping_status":"closed","template":"","meta":[],"product_brand":[],"product_cat":[79],"product_tag":[223,143,62,101,225,99,167,224,140,141,142,63,227,216,226],"class_list":{"0":"post-5966","1":"product","2":"type-product","3":"status-publish","4":"has-post-thumbnail","6":"product_cat-opieka-nad-zwierzetami","7":"product_tag-catsiterzy","8":"product_tag-catsitter","9":"product_tag-kocie-porady","10":"product_tag-opieka","11":"product_tag-opieka-nad-kotami","12":"product_tag-opieka-nad-kotem","13":"product_tag-opieka-nad-zwierzetami","14":"product_tag-opiekun-kota","15":"product_tag-opiekunowie","16":"product_tag-petsiterzy","17":"product_tag-petsitter","18":"product_tag-porady-kocie","19":"product_tag-profesjonalisci","20":"product_tag-profesjonalna-opieka-nad-zwierzetami","21":"product_tag-zajmowanie-sie-kotami","23":"first","24":"instock","25":"taxable","26":"shipping-taxable","27":"purchasable","28":"product-type-variable"},"yoast_head":"<!-- This site is optimized with the Yoast SEO plugin v27.4 - https:\/\/yoast.com\/product\/yoast-seo-wordpress\/ -->\n<title>Opieka nad kotem w domu klienta - Sklep dla kocich opiekun\u00f3w<\/title>\n<meta name=\"description\" content=\"Opieka nad kotem w domu klienta, to us\u0142uga oferowana przez naszych specjalist\u00f3w w ramach projektu Kocie Porady.\" \/>\n<meta name=\"robots\" content=\"index, follow, max-snippet:-1, max-image-preview:large, max-video-preview:-1\" \/>\n<link rel=\"canonical\" href=\"https:\/\/kocie-porady.pl\/sklep\/index.php\/produkt\/opieka-nad-kotem-w-domu-klienta\/\" \/>\n<meta property=\"og:locale\" content=\"pl_PL\" \/>\n<meta property=\"og:type\" content=\"article\" \/>\n<meta property=\"og:title\" content=\"Opieka nad kotem w domu klienta - Sklep dla kocich opiekun\u00f3w\" \/>\n<meta property=\"og:description\" content=\"Opieka nad kotem w domu klienta, to us\u0142uga oferowana przez naszych specjalist\u00f3w w ramach projektu Kocie Porady.\" \/>\n<meta property=\"og:url\" content=\"https:\/\/kocie-porady.pl\/sklep\/index.php\/produkt\/opieka-nad-kotem-w-domu-klienta\/\" \/>\n<meta property=\"og:site_name\" content=\"Sklep dla kocich opiekun\u00f3w\" \/>\n<meta property=\"article:modified_time\" content=\"2025-03-22T21:33:36+00:00\" \/>\n<meta property=\"og:image\" content=\"https:\/\/kocie-porady.pl\/sklep\/wp-content\/uploads\/2021\/03\/pexels-sam-lion-6001820-1-scaled.jpg\" \/>\n\t<meta property=\"og:image:width\" content=\"1707\" \/>\n\t<meta property=\"og:image:height\" content=\"2560\" \/>\n\t<meta property=\"og:image:type\" content=\"image\/jpeg\" \/>\n<meta name=\"twitter:card\" content=\"summary_large_image\" \/>\n<meta name=\"twitter:label1\" content=\"Szacowany czas czytania\" \/>\n\t<meta name=\"twitter:data1\" content=\"2 minuty\" \/>\n<script type=\"application\/ld+json\" class=\"yoast-schema-graph\">{\"@context\":\"https:\\\/\\\/schema.org\",\"@graph\":[{\"@type\":\"WebPage\",\"@id\":\"https:\\\/\\\/kocie-porady.pl\\\/sklep\\\/index.php\\\/produkt\\\/opieka-nad-kotem-w-domu-klienta\\\/\",\"url\":\"https:\\\/\\\/kocie-porady.pl\\\/sklep\\\/index.php\\\/produkt\\\/opieka-nad-kotem-w-domu-klienta\\\/\",\"name\":\"Opieka nad kotem w domu klienta - Sklep dla kocich opiekun\u00f3w\",\"isPartOf\":{\"@id\":\"https:\\\/\\\/kocie-porady.pl\\\/sklep\\\/#website\"},\"primaryImageOfPage\":{\"@id\":\"https:\\\/\\\/kocie-porady.pl\\\/sklep\\\/index.php\\\/produkt\\\/opieka-nad-kotem-w-domu-klienta\\\/#primaryimage\"},\"image\":{\"@id\":\"https:\\\/\\\/kocie-porady.pl\\\/sklep\\\/index.php\\\/produkt\\\/opieka-nad-kotem-w-domu-klienta\\\/#primaryimage\"},\"thumbnailUrl\":\"https:\\\/\\\/kocie-porady.pl\\\/sklep\\\/wp-content\\\/uploads\\\/2021\\\/03\\\/pexels-sam-lion-6001820-1-scaled.jpg\",\"datePublished\":\"2021-03-30T15:02:36+00:00\",\"dateModified\":\"2025-03-22T21:33:36+00:00\",\"description\":\"Opieka nad kotem w domu klienta, to us\u0142uga oferowana przez naszych specjalist\u00f3w w ramach projektu Kocie Porady.\",\"breadcrumb\":{\"@id\":\"https:\\\/\\\/kocie-porady.pl\\\/sklep\\\/index.php\\\/produkt\\\/opieka-nad-kotem-w-domu-klienta\\\/#breadcrumb\"},\"inLanguage\":\"pl-PL\",\"potentialAction\":[{\"@type\":\"ReadAction\",\"target\":[\"https:\\\/\\\/kocie-porady.pl\\\/sklep\\\/index.php\\\/produkt\\\/opieka-nad-kotem-w-domu-klienta\\\/\"]}]},{\"@type\":\"ImageObject\",\"inLanguage\":\"pl-PL\",\"@id\":\"https:\\\/\\\/kocie-porady.pl\\\/sklep\\\/index.php\\\/produkt\\\/opieka-nad-kotem-w-domu-klienta\\\/#primaryimage\",\"url\":\"https:\\\/\\\/kocie-porady.pl\\\/sklep\\\/wp-content\\\/uploads\\\/2021\\\/03\\\/pexels-sam-lion-6001820-1-scaled.jpg\",\"contentUrl\":\"https:\\\/\\\/kocie-porady.pl\\\/sklep\\\/wp-content\\\/uploads\\\/2021\\\/03\\\/pexels-sam-lion-6001820-1-scaled.jpg\",\"width\":1707,\"height\":2560},{\"@type\":\"BreadcrumbList\",\"@id\":\"https:\\\/\\\/kocie-porady.pl\\\/sklep\\\/index.php\\\/produkt\\\/opieka-nad-kotem-w-domu-klienta\\\/#breadcrumb\",\"itemListElement\":[{\"@type\":\"ListItem\",\"position\":1,\"name\":\"Strona g\u0142\u00f3wna\",\"item\":\"https:\\\/\\\/kocie-porady.pl\\\/sklep\\\/\"},{\"@type\":\"ListItem\",\"position\":2,\"name\":\"Sklep\",\"item\":\"https:\\\/\\\/kocie-porady.pl\\\/sklep\\\/index.php\\\/sklep\\\/\"},{\"@type\":\"ListItem\",\"position\":3,\"name\":\"Opieka nad kotem w domu klienta\"}]},{\"@type\":\"WebSite\",\"@id\":\"https:\\\/\\\/kocie-porady.pl\\\/sklep\\\/#website\",\"url\":\"https:\\\/\\\/kocie-porady.pl\\\/sklep\\\/\",\"name\":\"Sklep dla kocich opiekun\u00f3w\",\"description\":\"\",\"publisher\":{\"@id\":\"https:\\\/\\\/kocie-porady.pl\\\/sklep\\\/#\\\/schema\\\/person\\\/3585b25f6c41a8448e9e088f50954cf4\"},\"potentialAction\":[{\"@type\":\"SearchAction\",\"target\":{\"@type\":\"EntryPoint\",\"urlTemplate\":\"https:\\\/\\\/kocie-porady.pl\\\/sklep\\\/?s={search_term_string}\"},\"query-input\":{\"@type\":\"PropertyValueSpecification\",\"valueRequired\":true,\"valueName\":\"search_term_string\"}}],\"inLanguage\":\"pl-PL\"},{\"@type\":[\"Person\",\"Organization\"],\"@id\":\"https:\\\/\\\/kocie-porady.pl\\\/sklep\\\/#\\\/schema\\\/person\\\/3585b25f6c41a8448e9e088f50954cf4\",\"name\":\"admin\",\"image\":{\"@type\":\"ImageObject\",\"inLanguage\":\"pl-PL\",\"@id\":\"https:\\\/\\\/kocie-porady.pl\\\/sklep\\\/wp-content\\\/uploads\\\/2026\\\/04\\\/koci-behawioryzm-500-x-200-px-2.png\",\"url\":\"https:\\\/\\\/kocie-porady.pl\\\/sklep\\\/wp-content\\\/uploads\\\/2026\\\/04\\\/koci-behawioryzm-500-x-200-px-2.png\",\"contentUrl\":\"https:\\\/\\\/kocie-porady.pl\\\/sklep\\\/wp-content\\\/uploads\\\/2026\\\/04\\\/koci-behawioryzm-500-x-200-px-2.png\",\"width\":200,\"height\":100,\"caption\":\"admin\"},\"logo\":{\"@id\":\"https:\\\/\\\/kocie-porady.pl\\\/sklep\\\/wp-content\\\/uploads\\\/2026\\\/04\\\/koci-behawioryzm-500-x-200-px-2.png\"},\"sameAs\":[\"https:\\\/\\\/kocie-porady.pl\\\/sklep\"]}]}<\/script>\n<!-- \/ Yoast SEO plugin. -->","yoast_head_json":{"title":"Opieka nad kotem w domu klienta - Sklep dla kocich opiekun\u00f3w","description":"Opieka nad kotem w domu klienta, to us\u0142uga oferowana przez naszych specjalist\u00f3w w ramach projektu Kocie Porady.","robots":{"index":"index","follow":"follow","max-snippet":"max-snippet:-1","max-image-preview":"max-image-preview:large","max-video-preview":"max-video-preview:-1"},"canonical":"https:\/\/kocie-porady.pl\/sklep\/index.php\/produkt\/opieka-nad-kotem-w-domu-klienta\/","og_locale":"pl_PL","og_type":"article","og_title":"Opieka nad kotem w domu klienta - Sklep dla kocich opiekun\u00f3w","og_description":"Opieka nad kotem w domu klienta, to us\u0142uga oferowana przez naszych specjalist\u00f3w w ramach projektu Kocie Porady.","og_url":"https:\/\/kocie-porady.pl\/sklep\/index.php\/produkt\/opieka-nad-kotem-w-domu-klienta\/","og_site_name":"Sklep dla kocich opiekun\u00f3w","article_modified_time":"2025-03-22T21:33:36+00:00","og_image":[{"width":1707,"height":2560,"url":"https:\/\/kocie-porady.pl\/sklep\/wp-content\/uploads\/2021\/03\/pexels-sam-lion-6001820-1-scaled.jpg","type":"image\/jpeg"}],"twitter_card":"summary_large_image","twitter_misc":{"Szacowany czas czytania":"2 minuty"},"schema":{"@context":"https:\/\/schema.org","@graph":[{"@type":"WebPage","@id":"https:\/\/kocie-porady.pl\/sklep\/index.php\/produkt\/opieka-nad-kotem-w-domu-klienta\/","url":"https:\/\/kocie-porady.pl\/sklep\/index.php\/produkt\/opieka-nad-kotem-w-domu-klienta\/","name":"Opieka nad kotem w domu klienta - Sklep dla kocich opiekun\u00f3w","isPartOf":{"@id":"https:\/\/kocie-porady.pl\/sklep\/#website"},"primaryImageOfPage":{"@id":"https:\/\/kocie-porady.pl\/sklep\/index.php\/produkt\/opieka-nad-kotem-w-domu-klienta\/#primaryimage"},"image":{"@id":"https:\/\/kocie-porady.pl\/sklep\/index.php\/produkt\/opieka-nad-kotem-w-domu-klienta\/#primaryimage"},"thumbnailUrl":"https:\/\/kocie-porady.pl\/sklep\/wp-content\/uploads\/2021\/03\/pexels-sam-lion-6001820-1-scaled.jpg","datePublished":"2021-03-30T15:02:36+00:00","dateModified":"2025-03-22T21:33:36+00:00","description":"Opieka nad kotem w domu klienta, to us\u0142uga oferowana przez naszych specjalist\u00f3w w ramach projektu Kocie Porady.","breadcrumb":{"@id":"https:\/\/kocie-porady.pl\/sklep\/index.php\/produkt\/opieka-nad-kotem-w-domu-klienta\/#breadcrumb"},"inLanguage":"pl-PL","potentialAction":[{"@type":"ReadAction","target":["https:\/\/kocie-porady.pl\/sklep\/index.php\/produkt\/opieka-nad-kotem-w-domu-klienta\/"]}]},{"@type":"ImageObject","inLanguage":"pl-PL","@id":"https:\/\/kocie-porady.pl\/sklep\/index.php\/produkt\/opieka-nad-kotem-w-domu-klienta\/#primaryimage","url":"https:\/\/kocie-porady.pl\/sklep\/wp-content\/uploads\/2021\/03\/pexels-sam-lion-6001820-1-scaled.jpg","contentUrl":"https:\/\/kocie-porady.pl\/sklep\/wp-content\/uploads\/2021\/03\/pexels-sam-lion-6001820-1-scaled.jpg","width":1707,"height":2560},{"@type":"BreadcrumbList","@id":"https:\/\/kocie-porady.pl\/sklep\/index.php\/produkt\/opieka-nad-kotem-w-domu-klienta\/#breadcrumb","itemListElement":[{"@type":"ListItem","position":1,"name":"Strona g\u0142\u00f3wna","item":"https:\/\/kocie-porady.pl\/sklep\/"},{"@type":"ListItem","position":2,"name":"Sklep","item":"https:\/\/kocie-porady.pl\/sklep\/index.php\/sklep\/"},{"@type":"ListItem","position":3,"name":"Opieka nad kotem w domu klienta"}]},{"@type":"WebSite","@id":"https:\/\/kocie-porady.pl\/sklep\/#website","url":"https:\/\/kocie-porady.pl\/sklep\/","name":"Sklep dla kocich opiekun\u00f3w","description":"","publisher":{"@id":"https:\/\/kocie-porady.pl\/sklep\/#\/schema\/person\/3585b25f6c41a8448e9e088f50954cf4"},"potentialAction":[{"@type":"SearchAction","target":{"@type":"EntryPoint","urlTemplate":"https:\/\/kocie-porady.pl\/sklep\/?s={search_term_string}"},"query-input":{"@type":"PropertyValueSpecification","valueRequired":true,"valueName":"search_term_string"}}],"inLanguage":"pl-PL"},{"@type":["Person","Organization"],"@id":"https:\/\/kocie-porady.pl\/sklep\/#\/schema\/person\/3585b25f6c41a8448e9e088f50954cf4","name":"admin","image":{"@type":"ImageObject","inLanguage":"pl-PL","@id":"https:\/\/kocie-porady.pl\/sklep\/wp-content\/uploads\/2026\/04\/koci-behawioryzm-500-x-200-px-2.png","url":"https:\/\/kocie-porady.pl\/sklep\/wp-content\/uploads\/2026\/04\/koci-behawioryzm-500-x-200-px-2.png","contentUrl":"https:\/\/kocie-porady.pl\/sklep\/wp-content\/uploads\/2026\/04\/koci-behawioryzm-500-x-200-px-2.png","width":200,"height":100,"caption":"admin"},"logo":{"@id":"https:\/\/kocie-porady.pl\/sklep\/wp-content\/uploads\/2026\/04\/koci-behawioryzm-500-x-200-px-2.png"},"sameAs":["https:\/\/kocie-porady.pl\/sklep"]}]}},"jetpack_sharing_enabled":true,"_links":{"self":[{"href":"https:\/\/kocie-porady.pl\/sklep\/index.php\/wp-json\/wp\/v2\/product\/5966","targetHints":{"allow":["GET"]}}],"collection":[{"href":"https:\/\/kocie-porady.pl\/sklep\/index.php\/wp-json\/wp\/v2\/product"}],"about":[{"href":"https:\/\/kocie-porady.pl\/sklep\/index.php\/wp-json\/wp\/v2\/types\/product"}],"replies":[{"embeddable":true,"href":"https:\/\/kocie-porady.pl\/sklep\/index.php\/wp-json\/wp\/v2\/comments?post=5966"}],"wp:featuredmedia":[{"embeddable":true,"href":"https:\/\/kocie-porady.pl\/sklep\/index.php\/wp-json\/wp\/v2\/media\/6325"}],"wp:attachment":[{"href":"https:\/\/kocie-porady.pl\/sklep\/index.php\/wp-json\/wp\/v2\/media?parent=5966"}],"wp:term":[{"taxonomy":"product_brand","embeddable":true,"href":"https:\/\/kocie-porady.pl\/sklep\/index.php\/wp-json\/wp\/v2\/product_brand?post=5966"},{"taxonomy":"product_cat","embeddable":true,"href":"https:\/\/kocie-porady.pl\/sklep\/index.php\/wp-json\/wp\/v2\/product_cat?post=5966"},{"taxonomy":"product_tag","embeddable":true,"href":"https:\/\/kocie-porady.pl\/sklep\/index.php\/wp-json\/wp\/v2\/product_tag?post=5966"}],"curies":[{"name":"wp","href":"https:\/\/api.w.org\/{rel}","templated":true}]}}