{"id":5933,"date":"2021-03-29T13:25:51","date_gmt":"2021-03-29T13:25:51","guid":{"rendered":"https:\/\/kocie-porady.pl\/sklep\/?post_type=product&#038;p=5933"},"modified":"2025-03-22T22:09:26","modified_gmt":"2025-03-22T22:09:26","slug":"odkrywcza-rozmowa-z-wywiadem","status":"publish","type":"product","link":"https:\/\/kocie-porady.pl\/sklep\/index.php\/produkt\/odkrywcza-rozmowa-z-wywiadem\/","title":{"rendered":"Odkrywcza rozmowa z wywiadem"},"content":{"rendered":"<p>Czy zastanawiasz si\u0119, czy potrzebujesz pe\u0142nej konsultacji z naszym specjalist\u0105? Nasza us\u0142uga &#8222;Odkrywcza rozmowa z wywiadem&#8221; to idealne rozwi\u0105zanie dla os\u00f3b, kt\u00f3re chc\u0105 zyska\u0107 pewno\u015b\u0107, zanim zainwestuj\u0105 w pe\u0142n\u0105 konsultacj\u0119.<\/p>\n<p>Za jedyne 99 z\u0142otych zyskujesz mo\u017cliwo\u015b\u0107 godzinnej rozmowy z naszym ekspertem, kt\u00f3ry przeprowadzi z Tob\u0105 szczeg\u00f3\u0142owy wywiad. Dzi\u0119ki tej sesji dowiesz si\u0119, czy Twoje obawy wymagaj\u0105 dalszej, pe\u0142nej konsultacji, czy te\u017c mo\u017cna je rozwi\u0105za\u0107 na miejscu. To oszcz\u0119dno\u015b\u0107 czasu, nerw\u00f3w i pieni\u0119dzy \u2013 zamiast p\u0142aci\u0107 z g\u00f3ry 300 z\u0142otych, masz mo\u017cliwo\u015b\u0107 zbadania, czy pe\u0142na wizyta jest naprawd\u0119 potrzebna.<\/p>\n<p>Je\u015bli po rozmowie oka\u017ce si\u0119, \u017ce Tw\u00f3j problem jest powa\u017cny i wymaga dalszej pomocy, wystarczy dop\u0142aci\u0107 r\u00f3\u017cnic\u0119 do pe\u0142nej konsultacji, a nasi specjali\u015bci do\u0142o\u017c\u0105 wszelkich stara\u0144, by zrozumie\u0107 i rozwi\u0105za\u0107 Twoje problemy. &#8222;Odkrywcza rozmowa z wywiadem&#8221; to pierwszy krok do znalezienia najlepszego rozwi\u0105zania dla Ciebie i Twojego kota.<\/p>\n","protected":false},"excerpt":{"rendered":"<p>Odkryj korzy\u015bci p\u0142yn\u0105ce z naszej \u201eOdkrywczej Rozmowy z Wywiadem\u201d \u2013 idealnego rozwi\u0105zania, je\u015bli chcesz nawi\u0105za\u0107 pierwszy kontakt z naszym ekspertem bez du\u017cego zobowi\u0105zania.<\/p>\n<p>Za jedyne 99 z\u0142otych sp\u0119dzisz godzin\u0119 na szczeg\u00f3\u0142owej rozmowie, kt\u00f3ra pomo\u017ce Ci oceni\u0107, czy potrzebujesz pe\u0142nej konsultacji. To doskona\u0142a okazja, by om\u00f3wi\u0107 swoje w\u0105tpliwo\u015bci, zrozumie\u0107 potrzeby swojego pupila i zdecydowa\u0107, jakie kroki podj\u0105\u0107 dalej. Je\u015bli stwierdzisz, \u017ce potrzebujesz pe\u0142nej wizyty, dop\u0142acisz jedynie r\u00f3\u017cnic\u0119 i otrzymasz pe\u0142ne wsparcie naszego specjalisty.<\/p>\n<p>Wybierz \u201eOdkrywcza Rozmowa z Wywiadem\u201d i zyskaj pewno\u015b\u0107, \u017ce inwestujesz w skuteczn\u0105 pomoc i odpowiedni\u0105 strategi\u0119 dla swojego kota!<\/p>\n","protected":false},"featured_media":7510,"comment_status":"open","ping_status":"closed","template":"","meta":[],"product_brand":[],"product_cat":[57],"product_tag":[127,124,73,72,71,123,121,120,122,119,118,117,116,125,126],"class_list":{"0":"post-5933","1":"product","2":"type-product","3":"status-publish","4":"has-post-thumbnail","6":"product_cat-uslugi","7":"product_tag-call-in-zoom","8":"product_tag-facebook","9":"product_tag-kocia-konsultacja","10":"product_tag-konsultacja-onlina","11":"product_tag-konsultacja-wideo","12":"product_tag-messenger","13":"product_tag-ms-teams","14":"product_tag-skype","15":"product_tag-skype-phone","16":"product_tag-video-konsultacja","17":"product_tag-video-wizyta","18":"product_tag-wideo-konsultacja","19":"product_tag-wideo-wizyta","20":"product_tag-zoom","21":"product_tag-zoom-call","23":"first","24":"instock","25":"virtual","26":"taxable","27":"purchasable","28":"product-type-simple"},"yoast_head":"<!-- This site is optimized with the Yoast SEO plugin v27.4 - https:\/\/yoast.com\/product\/yoast-seo-wordpress\/ -->\n<title>Odkrywcza rozmowa z wywiadem - Sklep dla kocich opiekun\u00f3w<\/title>\n<meta name=\"description\" content=\"Czy zastanawiasz si\u0119, czy potrzebujesz pe\u0142nej konsultacji z naszym specjalist\u0105? Nasza us\u0142uga &quot;Odkrywcza rozmowa z wywiadem&quot; to idealne rozwi\u0105zanie dla os\u00f3b, kt\u00f3re chc\u0105 zyska\u0107 pewno\u015b\u0107, zanim zainwestuj\u0105 w pe\u0142n\u0105 konsultacj\u0119.\" \/>\n<meta name=\"robots\" content=\"index, follow, max-snippet:-1, max-image-preview:large, max-video-preview:-1\" \/>\n<link rel=\"canonical\" href=\"https:\/\/kocie-porady.pl\/sklep\/index.php\/produkt\/odkrywcza-rozmowa-z-wywiadem\/\" \/>\n<meta property=\"og:locale\" content=\"pl_PL\" \/>\n<meta property=\"og:type\" content=\"article\" \/>\n<meta property=\"og:title\" content=\"Odkrywcza rozmowa z wywiadem - Sklep dla kocich opiekun\u00f3w\" \/>\n<meta property=\"og:description\" content=\"Czy zastanawiasz si\u0119, czy potrzebujesz pe\u0142nej konsultacji z naszym specjalist\u0105? Nasza us\u0142uga &quot;Odkrywcza rozmowa z wywiadem&quot; to idealne rozwi\u0105zanie dla os\u00f3b, kt\u00f3re chc\u0105 zyska\u0107 pewno\u015b\u0107, zanim zainwestuj\u0105 w pe\u0142n\u0105 konsultacj\u0119.\" \/>\n<meta property=\"og:url\" content=\"https:\/\/kocie-porady.pl\/sklep\/index.php\/produkt\/odkrywcza-rozmowa-z-wywiadem\/\" \/>\n<meta property=\"og:site_name\" content=\"Sklep dla kocich opiekun\u00f3w\" \/>\n<meta property=\"article:modified_time\" content=\"2025-03-22T22:09:26+00:00\" \/>\n<meta property=\"og:image\" content=\"https:\/\/kocie-porady.pl\/sklep\/wp-content\/uploads\/2021\/03\/konsultacja-wstepna.png\" \/>\n\t<meta property=\"og:image:width\" content=\"800\" \/>\n\t<meta property=\"og:image:height\" content=\"800\" \/>\n\t<meta property=\"og:image:type\" content=\"image\/png\" \/>\n<meta name=\"twitter:card\" content=\"summary_large_image\" \/>\n<meta name=\"twitter:label1\" content=\"Szacowany czas czytania\" \/>\n\t<meta name=\"twitter:data1\" content=\"2 minuty\" \/>\n<script type=\"application\/ld+json\" class=\"yoast-schema-graph\">{\"@context\":\"https:\\\/\\\/schema.org\",\"@graph\":[{\"@type\":\"WebPage\",\"@id\":\"https:\\\/\\\/kocie-porady.pl\\\/sklep\\\/index.php\\\/produkt\\\/odkrywcza-rozmowa-z-wywiadem\\\/\",\"url\":\"https:\\\/\\\/kocie-porady.pl\\\/sklep\\\/index.php\\\/produkt\\\/odkrywcza-rozmowa-z-wywiadem\\\/\",\"name\":\"Odkrywcza rozmowa z wywiadem - Sklep dla kocich opiekun\u00f3w\",\"isPartOf\":{\"@id\":\"https:\\\/\\\/kocie-porady.pl\\\/sklep\\\/#website\"},\"primaryImageOfPage\":{\"@id\":\"https:\\\/\\\/kocie-porady.pl\\\/sklep\\\/index.php\\\/produkt\\\/odkrywcza-rozmowa-z-wywiadem\\\/#primaryimage\"},\"image\":{\"@id\":\"https:\\\/\\\/kocie-porady.pl\\\/sklep\\\/index.php\\\/produkt\\\/odkrywcza-rozmowa-z-wywiadem\\\/#primaryimage\"},\"thumbnailUrl\":\"https:\\\/\\\/kocie-porady.pl\\\/sklep\\\/wp-content\\\/uploads\\\/2021\\\/03\\\/konsultacja-wstepna.png\",\"datePublished\":\"2021-03-29T13:25:51+00:00\",\"dateModified\":\"2025-03-22T22:09:26+00:00\",\"description\":\"Czy zastanawiasz si\u0119, czy potrzebujesz pe\u0142nej konsultacji z naszym specjalist\u0105? Nasza us\u0142uga \\\"Odkrywcza rozmowa z wywiadem\\\" to idealne rozwi\u0105zanie dla os\u00f3b, kt\u00f3re chc\u0105 zyska\u0107 pewno\u015b\u0107, zanim zainwestuj\u0105 w pe\u0142n\u0105 konsultacj\u0119.\",\"breadcrumb\":{\"@id\":\"https:\\\/\\\/kocie-porady.pl\\\/sklep\\\/index.php\\\/produkt\\\/odkrywcza-rozmowa-z-wywiadem\\\/#breadcrumb\"},\"inLanguage\":\"pl-PL\",\"potentialAction\":[{\"@type\":\"ReadAction\",\"target\":[\"https:\\\/\\\/kocie-porady.pl\\\/sklep\\\/index.php\\\/produkt\\\/odkrywcza-rozmowa-z-wywiadem\\\/\"]}]},{\"@type\":\"ImageObject\",\"inLanguage\":\"pl-PL\",\"@id\":\"https:\\\/\\\/kocie-porady.pl\\\/sklep\\\/index.php\\\/produkt\\\/odkrywcza-rozmowa-z-wywiadem\\\/#primaryimage\",\"url\":\"https:\\\/\\\/kocie-porady.pl\\\/sklep\\\/wp-content\\\/uploads\\\/2021\\\/03\\\/konsultacja-wstepna.png\",\"contentUrl\":\"https:\\\/\\\/kocie-porady.pl\\\/sklep\\\/wp-content\\\/uploads\\\/2021\\\/03\\\/konsultacja-wstepna.png\",\"width\":800,\"height\":800,\"caption\":\"konsultacja wst\u0119pna\"},{\"@type\":\"BreadcrumbList\",\"@id\":\"https:\\\/\\\/kocie-porady.pl\\\/sklep\\\/index.php\\\/produkt\\\/odkrywcza-rozmowa-z-wywiadem\\\/#breadcrumb\",\"itemListElement\":[{\"@type\":\"ListItem\",\"position\":1,\"name\":\"Strona g\u0142\u00f3wna\",\"item\":\"https:\\\/\\\/kocie-porady.pl\\\/sklep\\\/\"},{\"@type\":\"ListItem\",\"position\":2,\"name\":\"Sklep\",\"item\":\"https:\\\/\\\/kocie-porady.pl\\\/sklep\\\/index.php\\\/sklep\\\/\"},{\"@type\":\"ListItem\",\"position\":3,\"name\":\"Odkrywcza rozmowa z wywiadem\"}]},{\"@type\":\"WebSite\",\"@id\":\"https:\\\/\\\/kocie-porady.pl\\\/sklep\\\/#website\",\"url\":\"https:\\\/\\\/kocie-porady.pl\\\/sklep\\\/\",\"name\":\"Sklep dla kocich opiekun\u00f3w\",\"description\":\"\",\"publisher\":{\"@id\":\"https:\\\/\\\/kocie-porady.pl\\\/sklep\\\/#\\\/schema\\\/person\\\/3585b25f6c41a8448e9e088f50954cf4\"},\"potentialAction\":[{\"@type\":\"SearchAction\",\"target\":{\"@type\":\"EntryPoint\",\"urlTemplate\":\"https:\\\/\\\/kocie-porady.pl\\\/sklep\\\/?s={search_term_string}\"},\"query-input\":{\"@type\":\"PropertyValueSpecification\",\"valueRequired\":true,\"valueName\":\"search_term_string\"}}],\"inLanguage\":\"pl-PL\"},{\"@type\":[\"Person\",\"Organization\"],\"@id\":\"https:\\\/\\\/kocie-porady.pl\\\/sklep\\\/#\\\/schema\\\/person\\\/3585b25f6c41a8448e9e088f50954cf4\",\"name\":\"admin\",\"image\":{\"@type\":\"ImageObject\",\"inLanguage\":\"pl-PL\",\"@id\":\"https:\\\/\\\/kocie-porady.pl\\\/sklep\\\/wp-content\\\/uploads\\\/2026\\\/04\\\/koci-behawioryzm-500-x-200-px-2.png\",\"url\":\"https:\\\/\\\/kocie-porady.pl\\\/sklep\\\/wp-content\\\/uploads\\\/2026\\\/04\\\/koci-behawioryzm-500-x-200-px-2.png\",\"contentUrl\":\"https:\\\/\\\/kocie-porady.pl\\\/sklep\\\/wp-content\\\/uploads\\\/2026\\\/04\\\/koci-behawioryzm-500-x-200-px-2.png\",\"width\":200,\"height\":100,\"caption\":\"admin\"},\"logo\":{\"@id\":\"https:\\\/\\\/kocie-porady.pl\\\/sklep\\\/wp-content\\\/uploads\\\/2026\\\/04\\\/koci-behawioryzm-500-x-200-px-2.png\"},\"sameAs\":[\"https:\\\/\\\/kocie-porady.pl\\\/sklep\"]}]}<\/script>\n<!-- \/ Yoast SEO plugin. -->","yoast_head_json":{"title":"Odkrywcza rozmowa z wywiadem - Sklep dla kocich opiekun\u00f3w","description":"Czy zastanawiasz si\u0119, czy potrzebujesz pe\u0142nej konsultacji z naszym specjalist\u0105? Nasza us\u0142uga \"Odkrywcza rozmowa z wywiadem\" to idealne rozwi\u0105zanie dla os\u00f3b, kt\u00f3re chc\u0105 zyska\u0107 pewno\u015b\u0107, zanim zainwestuj\u0105 w pe\u0142n\u0105 konsultacj\u0119.","robots":{"index":"index","follow":"follow","max-snippet":"max-snippet:-1","max-image-preview":"max-image-preview:large","max-video-preview":"max-video-preview:-1"},"canonical":"https:\/\/kocie-porady.pl\/sklep\/index.php\/produkt\/odkrywcza-rozmowa-z-wywiadem\/","og_locale":"pl_PL","og_type":"article","og_title":"Odkrywcza rozmowa z wywiadem - Sklep dla kocich opiekun\u00f3w","og_description":"Czy zastanawiasz si\u0119, czy potrzebujesz pe\u0142nej konsultacji z naszym specjalist\u0105? Nasza us\u0142uga \"Odkrywcza rozmowa z wywiadem\" to idealne rozwi\u0105zanie dla os\u00f3b, kt\u00f3re chc\u0105 zyska\u0107 pewno\u015b\u0107, zanim zainwestuj\u0105 w pe\u0142n\u0105 konsultacj\u0119.","og_url":"https:\/\/kocie-porady.pl\/sklep\/index.php\/produkt\/odkrywcza-rozmowa-z-wywiadem\/","og_site_name":"Sklep dla kocich opiekun\u00f3w","article_modified_time":"2025-03-22T22:09:26+00:00","og_image":[{"width":800,"height":800,"url":"https:\/\/kocie-porady.pl\/sklep\/wp-content\/uploads\/2021\/03\/konsultacja-wstepna.png","type":"image\/png"}],"twitter_card":"summary_large_image","twitter_misc":{"Szacowany czas czytania":"2 minuty"},"schema":{"@context":"https:\/\/schema.org","@graph":[{"@type":"WebPage","@id":"https:\/\/kocie-porady.pl\/sklep\/index.php\/produkt\/odkrywcza-rozmowa-z-wywiadem\/","url":"https:\/\/kocie-porady.pl\/sklep\/index.php\/produkt\/odkrywcza-rozmowa-z-wywiadem\/","name":"Odkrywcza rozmowa z wywiadem - Sklep dla kocich opiekun\u00f3w","isPartOf":{"@id":"https:\/\/kocie-porady.pl\/sklep\/#website"},"primaryImageOfPage":{"@id":"https:\/\/kocie-porady.pl\/sklep\/index.php\/produkt\/odkrywcza-rozmowa-z-wywiadem\/#primaryimage"},"image":{"@id":"https:\/\/kocie-porady.pl\/sklep\/index.php\/produkt\/odkrywcza-rozmowa-z-wywiadem\/#primaryimage"},"thumbnailUrl":"https:\/\/kocie-porady.pl\/sklep\/wp-content\/uploads\/2021\/03\/konsultacja-wstepna.png","datePublished":"2021-03-29T13:25:51+00:00","dateModified":"2025-03-22T22:09:26+00:00","description":"Czy zastanawiasz si\u0119, czy potrzebujesz pe\u0142nej konsultacji z naszym specjalist\u0105? Nasza us\u0142uga \"Odkrywcza rozmowa z wywiadem\" to idealne rozwi\u0105zanie dla os\u00f3b, kt\u00f3re chc\u0105 zyska\u0107 pewno\u015b\u0107, zanim zainwestuj\u0105 w pe\u0142n\u0105 konsultacj\u0119.","breadcrumb":{"@id":"https:\/\/kocie-porady.pl\/sklep\/index.php\/produkt\/odkrywcza-rozmowa-z-wywiadem\/#breadcrumb"},"inLanguage":"pl-PL","potentialAction":[{"@type":"ReadAction","target":["https:\/\/kocie-porady.pl\/sklep\/index.php\/produkt\/odkrywcza-rozmowa-z-wywiadem\/"]}]},{"@type":"ImageObject","inLanguage":"pl-PL","@id":"https:\/\/kocie-porady.pl\/sklep\/index.php\/produkt\/odkrywcza-rozmowa-z-wywiadem\/#primaryimage","url":"https:\/\/kocie-porady.pl\/sklep\/wp-content\/uploads\/2021\/03\/konsultacja-wstepna.png","contentUrl":"https:\/\/kocie-porady.pl\/sklep\/wp-content\/uploads\/2021\/03\/konsultacja-wstepna.png","width":800,"height":800,"caption":"konsultacja wst\u0119pna"},{"@type":"BreadcrumbList","@id":"https:\/\/kocie-porady.pl\/sklep\/index.php\/produkt\/odkrywcza-rozmowa-z-wywiadem\/#breadcrumb","itemListElement":[{"@type":"ListItem","position":1,"name":"Strona g\u0142\u00f3wna","item":"https:\/\/kocie-porady.pl\/sklep\/"},{"@type":"ListItem","position":2,"name":"Sklep","item":"https:\/\/kocie-porady.pl\/sklep\/index.php\/sklep\/"},{"@type":"ListItem","position":3,"name":"Odkrywcza rozmowa z wywiadem"}]},{"@type":"WebSite","@id":"https:\/\/kocie-porady.pl\/sklep\/#website","url":"https:\/\/kocie-porady.pl\/sklep\/","name":"Sklep dla kocich opiekun\u00f3w","description":"","publisher":{"@id":"https:\/\/kocie-porady.pl\/sklep\/#\/schema\/person\/3585b25f6c41a8448e9e088f50954cf4"},"potentialAction":[{"@type":"SearchAction","target":{"@type":"EntryPoint","urlTemplate":"https:\/\/kocie-porady.pl\/sklep\/?s={search_term_string}"},"query-input":{"@type":"PropertyValueSpecification","valueRequired":true,"valueName":"search_term_string"}}],"inLanguage":"pl-PL"},{"@type":["Person","Organization"],"@id":"https:\/\/kocie-porady.pl\/sklep\/#\/schema\/person\/3585b25f6c41a8448e9e088f50954cf4","name":"admin","image":{"@type":"ImageObject","inLanguage":"pl-PL","@id":"https:\/\/kocie-porady.pl\/sklep\/wp-content\/uploads\/2026\/04\/koci-behawioryzm-500-x-200-px-2.png","url":"https:\/\/kocie-porady.pl\/sklep\/wp-content\/uploads\/2026\/04\/koci-behawioryzm-500-x-200-px-2.png","contentUrl":"https:\/\/kocie-porady.pl\/sklep\/wp-content\/uploads\/2026\/04\/koci-behawioryzm-500-x-200-px-2.png","width":200,"height":100,"caption":"admin"},"logo":{"@id":"https:\/\/kocie-porady.pl\/sklep\/wp-content\/uploads\/2026\/04\/koci-behawioryzm-500-x-200-px-2.png"},"sameAs":["https:\/\/kocie-porady.pl\/sklep"]}]}},"jetpack_sharing_enabled":true,"_links":{"self":[{"href":"https:\/\/kocie-porady.pl\/sklep\/index.php\/wp-json\/wp\/v2\/product\/5933","targetHints":{"allow":["GET"]}}],"collection":[{"href":"https:\/\/kocie-porady.pl\/sklep\/index.php\/wp-json\/wp\/v2\/product"}],"about":[{"href":"https:\/\/kocie-porady.pl\/sklep\/index.php\/wp-json\/wp\/v2\/types\/product"}],"replies":[{"embeddable":true,"href":"https:\/\/kocie-porady.pl\/sklep\/index.php\/wp-json\/wp\/v2\/comments?post=5933"}],"wp:featuredmedia":[{"embeddable":true,"href":"https:\/\/kocie-porady.pl\/sklep\/index.php\/wp-json\/wp\/v2\/media\/7510"}],"wp:attachment":[{"href":"https:\/\/kocie-porady.pl\/sklep\/index.php\/wp-json\/wp\/v2\/media?parent=5933"}],"wp:term":[{"taxonomy":"product_brand","embeddable":true,"href":"https:\/\/kocie-porady.pl\/sklep\/index.php\/wp-json\/wp\/v2\/product_brand?post=5933"},{"taxonomy":"product_cat","embeddable":true,"href":"https:\/\/kocie-porady.pl\/sklep\/index.php\/wp-json\/wp\/v2\/product_cat?post=5933"},{"taxonomy":"product_tag","embeddable":true,"href":"https:\/\/kocie-porady.pl\/sklep\/index.php\/wp-json\/wp\/v2\/product_tag?post=5933"}],"curies":[{"name":"wp","href":"https:\/\/api.w.org\/{rel}","templated":true}]}}